{"id":243,"date":"2023-04-19T15:34:04","date_gmt":"2023-04-19T15:34:04","guid":{"rendered":"https:\/\/fazekasinsped.hu\/?page_id=243"},"modified":"2025-02-14T11:49:06","modified_gmt":"2025-02-14T10:49:06","slug":"hajozas","status":"publish","type":"page","link":"https:\/\/fazekasinsped.hu\/de\/hajozas\/","title":{"rendered":"Navigation"},"content":{"rendered":"<div data-elementor-type=\"wp-page\" data-elementor-id=\"243\" class=\"elementor elementor-243\" data-elementor-post-type=\"page\">\n\t\t\t\t<div class=\"elementor-element elementor-element-342a57c4 e-flex e-con-boxed e-con e-parent\" data-id=\"342a57c4\" data-element_type=\"container\" data-e-type=\"container\" data-settings=\"{&quot;background_background&quot;:&quot;classic&quot;}\">\n\t\t\t\t\t<div class=\"e-con-inner\">\n\t\t<div class=\"elementor-element elementor-element-40ed857f e-con-full e-flex e-con e-child\" data-id=\"40ed857f\" data-element_type=\"container\" data-e-type=\"container\">\n\t\t\t\t<div class=\"elementor-element elementor-element-6d28e03d animated-slow elementor-invisible elementor-widget elementor-widget-heading\" data-id=\"6d28e03d\" data-element_type=\"widget\" data-e-type=\"widget\" data-settings=\"{&quot;_animation&quot;:&quot;slideInUp&quot;}\" data-widget_type=\"heading.default\">\n\t\t\t\t<div class=\"elementor-widget-container\">\n\t\t\t\t\t<h2 class=\"elementor-heading-title elementor-size-default\">Der Plattensee ist unser Zuhause<\/h2>\t\t\t\t<\/div>\n\t\t\t\t<\/div>\n\t\t\t\t<div class=\"elementor-element elementor-element-79d5915f animated-slow elementor-invisible elementor-widget elementor-widget-heading\" data-id=\"79d5915f\" data-element_type=\"widget\" data-e-type=\"widget\" data-settings=\"{&quot;_animation&quot;:&quot;slideInUp&quot;}\" data-widget_type=\"heading.default\">\n\t\t\t\t<div class=\"elementor-widget-container\">\n\t\t\t\t\t<h2 class=\"elementor-heading-title elementor-size-default\">PERSONENBEF\u00d6RDERUNG AUF DEM WASSER<\/h2>\t\t\t\t<\/div>\n\t\t\t\t<\/div>\n\t\t\t\t<div class=\"elementor-element elementor-element-62e72ffc elementor-widget__width-initial elementor-widget elementor-widget-text-editor\" data-id=\"62e72ffc\" data-element_type=\"widget\" data-e-type=\"widget\" data-widget_type=\"text-editor.default\">\n\t\t\t\t<div class=\"elementor-widget-container\">\n\t\t\t\t\t\t\t\t\t<p>BELV\u00cdZI k\u00f6zforgalm\u00fa SZEM\u00c9LYSZ\u00c1LL\u00cdT\u00c1S<\/p><p>CHRANCHI M38 \u2013 A HAJ\u00d3K haj\u00f3ja<\/p><p>SZOLG\u00c1LTAT\u00c1SAINK:<\/p><p>K\u00f6zforgalm\u00fa belv\u00edzi szem\u00e9lysz\u00e1ll\u00edt\u00e1si szolg\u00e1ltat\u00e1s a HE-11227-21 sz\u00e1m\u00fa Haj\u00f3z\u00e1si Enged\u00e9ly alapj\u00e1n a <strong>H-40567 <\/strong>lajstromsz\u00e1m\u00fa kisg\u00e9phaj\u00f3val menetrend szerint az idegenforgalmi haj\u00f3z\u00e1si id\u00e9nyben.<\/p><p>A haj\u00f3z\u00e1si v\u00e1llalkoz\u00e1s a k\u00f6zforgalm\u00fa szem\u00e9lysz\u00e1ll\u00edt\u00e1s k\u00f6r\u00e9ben<\/p><p>&#8211; a menetrendben meghat\u00e1rozott vonalon csak az \u00e1ltala meghirdetett j\u00e1ratokat k\u00f6zlekedteti;<\/p><p>&#8211; a j\u00e1ratban \u00fczemeltetett v\u00edzi j\u00e1rm\u0171 \u00fatipoggy\u00e1szt \u00e9s ker\u00e9kp\u00e1rt nem sz\u00e1ll\u00edt, kieg\u00e9sz\u00edt\u0151 szolg\u00e1ltat\u00e1sokat nem v\u00e9gez;<\/p><p>&#8211; a szem\u00e9ly befogad\u00f3 k\u00e9pess\u00e9ge: maximum 8 f\u0151 utas (+ szem\u00e9lyzet);<\/p><p>&#8211; m\u00e1s j\u00e1ratokat nem \u00fczemeltet, csatlakoz\u00e1si lehet\u0151s\u00e9g nem biztos\u00edtott.<\/p><p>Indul\u00e1si \u00e9s vissza\u00e9rkez\u00e9si kik\u00f6t\u0151: Balatonf\u00fcred, Silver Yacht Kik\u00f6t\u0151 Z\u00e1konyi Ferenc utca 4.<\/p><p>M E N E T R E N D<\/p><p>A k\u00f6zforgalm\u00fa belv\u00edzi szem\u00e9lysz\u00e1ll\u00edt\u00e1si szolg\u00e1ltat\u00e1s j\u00fanius 1-j\u00e9t\u0151l augusztus 31-ig az al\u00e1bbi menetrend szerint, h\u00e9tf\u0151t\u0151l p\u00e9ntekig, a meghat\u00e1rozott d\u00edj ellen\u00e9ben mindenki \u00e1ltal azonos felt\u00e9telekkel ig\u00e9nybe vehet\u0151.<\/p><p>Indul\u00e1si kik\u00f6t\u0151 Balatonf\u00fcred, \u00e9rkez\u00e9si kik\u00f6t\u0151 Balatonkenese, k\u00f6zvetlen \u00fatvonalon, k\u00f6zbens\u0151 \u00e1llom\u00e1s nincs \u2013 a vissza ir\u00e1nyban ugyanezen az \u00fatvonalon k\u00f6zlekedik. Az indul\u00e1si \u00e9s \u00e9rkez\u00e9si id\u0151ket, a j\u00e1rats\u0171r\u0171s\u00e9get, az els\u0151 \u00e9s az utols\u00f3 j\u00e1ratok indul\u00e1si idej\u00e9t az egyes pontokr\u00f3l az al\u00e1bbi t\u00e1bl\u00e1zatok tartalmazz\u00e1k.<\/p><p>Balatonf\u00fcred \u2013 Balatonkenese \u00fatvonalon h\u00e9tf\u0151t\u0151l p\u00e9ntekig:<\/p><table><tbody><tr><td colspan=\"2\" width=\"302\"><p><strong>Indul\u00e1s<\/strong><\/p><\/td><td colspan=\"2\" width=\"302\"><p><strong>\u00c9rkez\u00e9s<\/strong><\/p><\/td><\/tr><tr><td width=\"151\"><p><strong>helye<\/strong><\/p><\/td><td width=\"151\"><p><strong>ideje<\/strong><\/p><\/td><td width=\"151\"><p><strong>helye<\/strong><\/p><\/td><td width=\"151\"><p><strong>ideje<\/strong><\/p><\/td><\/tr><tr><td rowspan=\"5\" width=\"151\"><p>Balatonf\u00fcred<\/p><\/td><td width=\"151\"><p>08<u><sup>00<\/sup><\/u><\/p><\/td><td rowspan=\"5\" width=\"151\"><p>Balatonkenese<\/p><\/td><td width=\"151\"><p>08<u><sup>50<\/sup><\/u><\/p><\/td><\/tr><tr><td width=\"151\"><p>10<u><sup>00<\/sup><\/u><\/p><\/td><td width=\"151\"><p>10<u><sup>50<\/sup><\/u><\/p><\/td><\/tr><tr><td width=\"151\"><p>12<u><sup>00<\/sup><\/u><\/p><\/td><td width=\"151\"><p>12<u><sup>50<\/sup><\/u><\/p><\/td><\/tr><tr><td width=\"151\"><p>14<u><sup>00<\/sup><\/u><\/p><\/td><td width=\"151\"><p>14<u><sup>50<\/sup><\/u><\/p><\/td><\/tr><tr><td width=\"151\"><p>16<u><sup>00<\/sup><\/u><\/p><\/td><td width=\"151\"><p>16<u><sup>50<\/sup><\/u><\/p><\/td><\/tr><\/tbody><\/table><p>Balatonkenese \u2013 Balatonf\u00fcred \u00fatvonalon h\u00e9tf\u0151t\u0151l p\u00e9ntekig:<\/p><table><tbody><tr><td colspan=\"2\" width=\"302\"><p><strong>Indul\u00e1s<\/strong><\/p><\/td><td colspan=\"2\" width=\"302\"><p><strong>\u00c9rkez\u00e9s<\/strong><\/p><\/td><\/tr><tr><td width=\"151\"><p><strong>helye<\/strong><\/p><\/td><td width=\"151\"><p><strong>ideje<\/strong><\/p><\/td><td width=\"151\"><p><strong>helye<\/strong><\/p><\/td><td width=\"151\"><p><strong>ideje<\/strong><\/p><\/td><\/tr><tr><td rowspan=\"5\" width=\"151\"><p>Balatonkenese<\/p><\/td><td width=\"151\"><p>09<u><sup>00<\/sup><\/u><\/p><\/td><td rowspan=\"5\" width=\"151\"><p>Balatonf\u00fcred<\/p><\/td><td width=\"151\"><p>09<u><sup>50<\/sup><\/u><\/p><\/td><\/tr><tr><td width=\"151\"><p>11<u><sup>00<\/sup><\/u><\/p><\/td><td width=\"151\"><p>11<u><sup>50<\/sup><\/u><\/p><\/td><\/tr><tr><td width=\"151\"><p>13<u><sup>00<\/sup><\/u><\/p><\/td><td width=\"151\"><p>13<u><sup>50<\/sup><\/u><\/p><\/td><\/tr><tr><td width=\"151\"><p>15<u><sup>00<\/sup><\/u><\/p><\/td><td width=\"151\"><p>15<u><sup>50<\/sup><\/u><\/p><\/td><\/tr><tr><td width=\"151\"><p>17<u><sup>00<\/sup><\/u><\/p><\/td><td width=\"151\"><p>17<u><sup>50<\/sup><\/u><\/p><\/td><\/tr><\/tbody><\/table><p>D \u00cd J S Z A B \u00c1 S<\/p><p>A menetrendi szolg\u00e1ltat\u00e1s menetd\u00edja egy \u00fatra 8.000,- Ft.\/f\u0151, oda-vissza \u00fatra 15.000,- Ft.\/f\u0151.<\/p><p>Szolg\u00e1ltat\u00e1saink megrendel\u00e9s\u00e9vel \u00e9s az \u00e1rakkal kapcsolatban h\u00edvja a + 36 \/ 30 \u2013 530 66 22 telefonsz\u00e1mot, vagy k\u00e9rje szem\u00e9lyre szabott \u00e1raj\u00e1nlatunkat elektronikus lev\u00e9lben \u2013 <a href=\"mailto:z.madarasz58@gmail.com\">z.madarasz58@gmail.com<\/a><\/p><p>Haj\u00f3nk k\u00f6telez\u0151 felel\u0151ss\u00e9gbiztos\u00edt\u00e1ssal, CASCO biztos\u00edt\u00e1ssal \u00e9s utasbiztos\u00edt\u00e1ssal rendelkezik.<\/p><p>E G Y \u00c9 B \u00a0\u00a0I N F O R M \u00c1 C I \u00d3 K<\/p><p>A j\u00e1ratok sz\u00fcneteltet\u00e9s\u00e9t vagy kor\u00e1bbi id\u0151pontban t\u00f6rt\u00e9n\u0151 k\u00f6zlekedtet\u00e9s\u00e9t \u2013 az id\u0151j\u00e1r\u00e1si \u00e9s v\u00edz\u00e1ll\u00e1si k\u00f6r\u00fclm\u00e9nyekt\u0151l, valamint a haj\u00f3z\u00e1si z\u00e1rlatt\u00f3l f\u00fcgg\u0151 esetek kiv\u00e9tel\u00e9vel \u2013 legal\u00e1bb 14 nappal, \u00faj j\u00e1rat be\u00e1ll\u00edt\u00e1s\u00e1t, illetve a meghirdetettn\u00e9l k\u00e9s\u0151bbi id\u0151pontban t\u00f6rt\u00e9n\u0151 k\u00f6zleked\u00e9s\u00e9t legal\u00e1bb 7 nappal a v\u00e1ltoz\u00e1s el\u0151tt a haj\u00f3\u00e1llom\u00e1son kif\u00fcggesztett hirdetm\u00e9nnyel hozzuk az utaz\u00f3k\u00f6z\u00f6ns\u00e9g tudom\u00e1s\u00e1ra.<\/p>\t\t\t\t\t\t\t\t<\/div>\n\t\t\t\t<\/div>\n\t\t\t\t<\/div>\n\t\t\t\t<div class=\"elementor-element elementor-element-357abbe7 elementor-widget elementor-widget-image\" data-id=\"357abbe7\" data-element_type=\"widget\" data-e-type=\"widget\" data-widget_type=\"image.default\">\n\t\t\t\t<div class=\"elementor-widget-container\">\n\t\t\t\t\t\t\t\t\t\t\t\t\t\t\t<img fetchpriority=\"high\" decoding=\"async\" width=\"800\" height=\"449\" src=\"https:\/\/fazekasinsped.hu\/wp-content\/uploads\/2023\/05\/sea-boat-sealing-ocean-view-from-1024x575.jpg\" class=\"attachment-large size-large wp-image-784\" alt=\"\" srcset=\"https:\/\/fazekasinsped.hu\/wp-content\/uploads\/2023\/05\/sea-boat-sealing-ocean-view-from-1024x575.jpg 1024w, https:\/\/fazekasinsped.hu\/wp-content\/uploads\/2023\/05\/sea-boat-sealing-ocean-view-from-300x168.jpg 300w, https:\/\/fazekasinsped.hu\/wp-content\/uploads\/2023\/05\/sea-boat-sealing-ocean-view-from-768x431.jpg 768w, https:\/\/fazekasinsped.hu\/wp-content\/uploads\/2023\/05\/sea-boat-sealing-ocean-view-from-1536x863.jpg 1536w, https:\/\/fazekasinsped.hu\/wp-content\/uploads\/2023\/05\/sea-boat-sealing-ocean-view-from-2048x1150.jpg 2048w, https:\/\/fazekasinsped.hu\/wp-content\/uploads\/2023\/05\/sea-boat-sealing-ocean-view-from-18x10.jpg 18w\" sizes=\"(max-width: 800px) 100vw, 800px\" title=\"\">\t\t\t\t\t\t\t\t\t\t\t\t\t\t\t<\/div>\n\t\t\t\t<\/div>\n\t\t\t\t\t<\/div>\n\t\t\t\t<\/div>\n\t\t\t\t<\/div>","protected":false},"excerpt":{"rendered":"<p>A Balaton az otthonunk Szem\u00e9lysz\u00e1ll\u00edt\u00e1s a v\u00edzen BELV\u00cdZI k\u00f6zforgalm\u00fa SZEM\u00c9LYSZ\u00c1LL\u00cdT\u00c1S CHRANCHI M38 \u2013 A HAJ\u00d3K haj\u00f3ja SZOLG\u00c1LTAT\u00c1SAINK: K\u00f6zforgalm\u00fa belv\u00edzi szem\u00e9lysz\u00e1ll\u00edt\u00e1si szolg\u00e1ltat\u00e1s a HE-11227-21 sz\u00e1m\u00fa Haj\u00f3z\u00e1si Enged\u00e9ly alapj\u00e1n a H-40567 lajstromsz\u00e1m\u00fa kisg\u00e9phaj\u00f3val menetrend szerint az idegenforgalmi haj\u00f3z\u00e1si id\u00e9nyben. A haj\u00f3z\u00e1si v\u00e1llalkoz\u00e1s a k\u00f6zforgalm\u00fa szem\u00e9lysz\u00e1ll\u00edt\u00e1s k\u00f6r\u00e9ben &#8211; a menetrendben meghat\u00e1rozott vonalon csak az \u00e1ltala meghirdetett j\u00e1ratokat k\u00f6zlekedteti; [&hellip;]<\/p>","protected":false},"author":1,"featured_media":0,"parent":0,"menu_order":0,"comment_status":"closed","ping_status":"closed","template":"elementor_header_footer","meta":{"footnotes":""},"class_list":["post-243","page","type-page","status-publish","hentry"],"_links":{"self":[{"href":"https:\/\/fazekasinsped.hu\/de\/wp-json\/wp\/v2\/pages\/243","targetHints":{"allow":["GET"]}}],"collection":[{"href":"https:\/\/fazekasinsped.hu\/de\/wp-json\/wp\/v2\/pages"}],"about":[{"href":"https:\/\/fazekasinsped.hu\/de\/wp-json\/wp\/v2\/types\/page"}],"author":[{"embeddable":true,"href":"https:\/\/fazekasinsped.hu\/de\/wp-json\/wp\/v2\/users\/1"}],"replies":[{"embeddable":true,"href":"https:\/\/fazekasinsped.hu\/de\/wp-json\/wp\/v2\/comments?post=243"}],"version-history":[{"count":8,"href":"https:\/\/fazekasinsped.hu\/de\/wp-json\/wp\/v2\/pages\/243\/revisions"}],"predecessor-version":[{"id":1383,"href":"https:\/\/fazekasinsped.hu\/de\/wp-json\/wp\/v2\/pages\/243\/revisions\/1383"}],"wp:attachment":[{"href":"https:\/\/fazekasinsped.hu\/de\/wp-json\/wp\/v2\/media?parent=243"}],"curies":[{"name":"wp","href":"https:\/\/api.w.org\/{rel}","templated":true}]}}

<div data-elementor-type="wp-page" data-elementor-id="243" class="elementor elementor-243" data-elementor-post-type="page">
				<div class="elementor-element elementor-element-342a57c4 e-flex e-con-boxed e-con e-parent" data-id="342a57c4" data-element_type="container" data-e-type="container" data-settings="{&quot;background_background&quot;:&quot;classic&quot;}">
					<div class="e-con-inner">
		<div class="elementor-element elementor-element-40ed857f e-con-full e-flex e-con e-child" data-id="40ed857f" data-element_type="container" data-e-type="container">
				<div class="elementor-element elementor-element-6d28e03d animated-slow elementor-invisible elementor-widget elementor-widget-heading" data-id="6d28e03d" data-element_type="widget" data-e-type="widget" data-settings="{&quot;_animation&quot;:&quot;slideInUp&quot;}" data-widget_type="heading.default">
				<div class="elementor-widget-container">
					<h2 class="elementor-heading-title elementor-size-default">Der Plattensee ist unser Zuhause</h2>				</div>
				</div>
				<div class="elementor-element elementor-element-79d5915f animated-slow elementor-invisible elementor-widget elementor-widget-heading" data-id="79d5915f" data-element_type="widget" data-e-type="widget" data-settings="{&quot;_animation&quot;:&quot;slideInUp&quot;}" data-widget_type="heading.default">
				<div class="elementor-widget-container">
					<h2 class="elementor-heading-title elementor-size-default">PERSONENBEFÖRDERUNG AUF DEM WASSER</h2>				</div>
				</div>
				<div class="elementor-element elementor-element-62e72ffc elementor-widget__width-initial elementor-widget elementor-widget-text-editor" data-id="62e72ffc" data-element_type="widget" data-e-type="widget" data-widget_type="text-editor.default">
				<div class="elementor-widget-container">
									<p>BELVÍZI közforgalmú SZEMÉLYSZÁLLÍTÁS</p><p>CHRANCHI M38 – A HAJÓK hajója</p><p>SZOLGÁLTATÁSAINK:</p><p>Közforgalmú belvízi személyszállítási szolgáltatás a HE-11227-21 számú Hajózási Engedély alapján a <strong>H-40567 </strong>lajstromszámú kisgéphajóval menetrend szerint az idegenforgalmi hajózási idényben.</p><p>A hajózási vállalkozás a közforgalmú személyszállítás körében</p><p>&#8211; a menetrendben meghatározott vonalon csak az általa meghirdetett járatokat közlekedteti;</p><p>&#8211; a járatban üzemeltetett vízi jármű útipoggyászt és kerékpárt nem szállít, kiegészítő szolgáltatásokat nem végez;</p><p>&#8211; a személy befogadó képessége: maximum 8 fő utas (+ személyzet);</p><p>&#8211; más járatokat nem üzemeltet, csatlakozási lehetőség nem biztosított.</p><p>Indulási és visszaérkezési kikötő: Balatonfüred, Silver Yacht Kikötő Zákonyi Ferenc utca 4.</p><p>M E N E T R E N D</p><p>A közforgalmú belvízi személyszállítási szolgáltatás június 1-jétől augusztus 31-ig az alábbi menetrend szerint, hétfőtől péntekig, a meghatározott díj ellenében mindenki által azonos feltételekkel igénybe vehető.</p><p>Indulási kikötő Balatonfüred, érkezési kikötő Balatonkenese, közvetlen útvonalon, közbenső állomás nincs – a vissza irányban ugyanezen az útvonalon közlekedik. Az indulási és érkezési időket, a járatsűrűséget, az első és az utolsó járatok indulási idejét az egyes pontokról az alábbi táblázatok tartalmazzák.</p><p>Balatonfüred – Balatonkenese útvonalon hétfőtől péntekig:</p><table><tbody><tr><td colspan="2" width="302"><p><strong>Indulás</strong></p></td><td colspan="2" width="302"><p><strong>Érkezés</strong></p></td></tr><tr><td width="151"><p><strong>helye</strong></p></td><td width="151"><p><strong>ideje</strong></p></td><td width="151"><p><strong>helye</strong></p></td><td width="151"><p><strong>ideje</strong></p></td></tr><tr><td rowspan="5" width="151"><p>Balatonfüred</p></td><td width="151"><p>08<u><sup>00</sup></u></p></td><td rowspan="5" width="151"><p>Balatonkenese</p></td><td width="151"><p>08<u><sup>50</sup></u></p></td></tr><tr><td width="151"><p>10<u><sup>00</sup></u></p></td><td width="151"><p>10<u><sup>50</sup></u></p></td></tr><tr><td width="151"><p>12<u><sup>00</sup></u></p></td><td width="151"><p>12<u><sup>50</sup></u></p></td></tr><tr><td width="151"><p>14<u><sup>00</sup></u></p></td><td width="151"><p>14<u><sup>50</sup></u></p></td></tr><tr><td width="151"><p>16<u><sup>00</sup></u></p></td><td width="151"><p>16<u><sup>50</sup></u></p></td></tr></tbody></table><p>Balatonkenese – Balatonfüred útvonalon hétfőtől péntekig:</p><table><tbody><tr><td colspan="2" width="302"><p><strong>Indulás</strong></p></td><td colspan="2" width="302"><p><strong>Érkezés</strong></p></td></tr><tr><td width="151"><p><strong>helye</strong></p></td><td width="151"><p><strong>ideje</strong></p></td><td width="151"><p><strong>helye</strong></p></td><td width="151"><p><strong>ideje</strong></p></td></tr><tr><td rowspan="5" width="151"><p>Balatonkenese</p></td><td width="151"><p>09<u><sup>00</sup></u></p></td><td rowspan="5" width="151"><p>Balatonfüred</p></td><td width="151"><p>09<u><sup>50</sup></u></p></td></tr><tr><td width="151"><p>11<u><sup>00</sup></u></p></td><td width="151"><p>11<u><sup>50</sup></u></p></td></tr><tr><td width="151"><p>13<u><sup>00</sup></u></p></td><td width="151"><p>13<u><sup>50</sup></u></p></td></tr><tr><td width="151"><p>15<u><sup>00</sup></u></p></td><td width="151"><p>15<u><sup>50</sup></u></p></td></tr><tr><td width="151"><p>17<u><sup>00</sup></u></p></td><td width="151"><p>17<u><sup>50</sup></u></p></td></tr></tbody></table><p>D Í J S Z A B Á S</p><p>A menetrendi szolgáltatás menetdíja egy útra 8.000,- Ft./fő, oda-vissza útra 15.000,- Ft./fő.</p><p>Szolgáltatásaink megrendelésével és az árakkal kapcsolatban hívja a + 36 / 30 – 530 66 22 telefonszámot, vagy kérje személyre szabott árajánlatunkat elektronikus levélben – <a href="mailto:z.madarasz58@gmail.com">z.madarasz58@gmail.com</a></p><p>Hajónk kötelező felelősségbiztosítással, CASCO biztosítással és utasbiztosítással rendelkezik.</p><p>E G Y É B   I N F O R M Á C I Ó K</p><p>A járatok szüneteltetését vagy korábbi időpontban történő közlekedtetését – az időjárási és vízállási körülményektől, valamint a hajózási zárlattól függő esetek kivételével – legalább 14 nappal, új járat beállítását, illetve a meghirdetettnél későbbi időpontban történő közlekedését legalább 7 nappal a változás előtt a hajóállomáson kifüggesztett hirdetménnyel hozzuk az utazóközönség tudomására.</p>								</div>
				</div>
				</div>
				<div class="elementor-element elementor-element-357abbe7 elementor-widget elementor-widget-image" data-id="357abbe7" data-element_type="widget" data-e-type="widget" data-widget_type="image.default">
				<div class="elementor-widget-container">
															<img fetchpriority="high" decoding="async" width="800" height="449" src="https://fazekasinsped.hu/wp-content/uploads/2023/05/sea-boat-sealing-ocean-view-from-1024x575.jpg" class="attachment-large size-large wp-image-784" alt="" srcset="https://fazekasinsped.hu/wp-content/uploads/2023/05/sea-boat-sealing-ocean-view-from-1024x575.jpg 1024w, https://fazekasinsped.hu/wp-content/uploads/2023/05/sea-boat-sealing-ocean-view-from-300x168.jpg 300w, https://fazekasinsped.hu/wp-content/uploads/2023/05/sea-boat-sealing-ocean-view-from-768x431.jpg 768w, https://fazekasinsped.hu/wp-content/uploads/2023/05/sea-boat-sealing-ocean-view-from-1536x863.jpg 1536w, https://fazekasinsped.hu/wp-content/uploads/2023/05/sea-boat-sealing-ocean-view-from-2048x1150.jpg 2048w, https://fazekasinsped.hu/wp-content/uploads/2023/05/sea-boat-sealing-ocean-view-from-18x10.jpg 18w" sizes="(max-width: 800px) 100vw, 800px" title="">															</div>
				</div>
					</div>
				</div>
				</div>

<p>A Balaton az otthonunk Személyszállítás a vízen BELVÍZI közforgalmú SZEMÉLYSZÁLLÍTÁS CHRANCHI M38 – A HAJÓK hajója SZOLGÁLTATÁSAINK: Közforgalmú belvízi személyszállítási szolgáltatás a HE-11227-21 számú Hajózási Engedély alapján a H-40567 lajstromszámú kisgéphajóval menetrend szerint az idegenforgalmi hajózási idényben. A hajózási vállalkozás a közforgalmú személyszállítás körében &#8211; a menetrendben meghatározott vonalon csak az általa meghirdetett járatokat közlekedteti; [&hellip;]</p>
